{"version":"1.0","type":"rich","provider_name":"\u003Cabbr title=\"Syndicat Unitaire National D&#233;mocratique des personnels de l&#039;Enseignement et de la formation Priv&#233;s\"\u003ESundep\u003C\/abbr\u003E-Solidaires Paris \u003Cspan class=\"caps\"\u003ESUD\u003C\/span\u003E Enseignement priv\u00e9","provider_url":"https:\/\/www.sundep-paris.org","title":"D\u00c9\u003Cspan class=\"caps\"\u003ECLARATION\u003C\/span\u003E \u003Cspan class=\"caps\"\u003EDE\u003C\/span\u003E \u003Cspan class=\"caps\"\u003ESOLIDAIRES\u003C\/span\u003E \u003Cspan class=\"caps\"\u003ELORS\u003C\/span\u003E \u003Cspan class=\"caps\"\u003EDU\u003C\/span\u003E \u003Cspan class=\"caps\"\u003ERASSEMBLEMENT\u003C\/span\u003E \u003Cspan class=\"caps\"\u003EINTERSYNDICAL\u003C\/span\u003E \u003Cspan class=\"caps\"\u003EDEVANT\u003C\/span\u003E \u003Cspan class=\"caps\"\u003ELE\u003C\/span\u003E \u003Cspan class=\"caps\"\u003EMINIST\u003C\/span\u003E\u00c8\u003Cspan class=\"caps\"\u003ERE\u003C\/span\u003E \u003Cspan class=\"caps\"\u003EDU\u003C\/span\u003E \u003Cspan class=\"caps\"\u003ETRAVAIL\u003C\/span\u003E \u003Cspan class=\"caps\"\u003ELE\u003C\/span\u003E 28\u00a0\u003Cspan class=\"caps\"\u003EAVRIL\u003C\/span\u003E 2026","author_name":"Martinez Kelly","width":"480","height":"295","url":"https:\/\/www.sundep-paris.org\/DECLARATION-DE-SOLIDAIRES-LORS-DU-RASSEMBLEMENT","html":"\u003Ch4 class='title'\u003E\u003Ca href='https:\/\/www.sundep-paris.org\/DECLARATION-DE-SOLIDAIRES-LORS-DU-RASSEMBLEMENT'\u003ED\u00c9\u003Cspan class=\"caps\"\u003ECLARATION\u003C\/span\u003E \u003Cspan class=\"caps\"\u003EDE\u003C\/span\u003E \u003Cspan class=\"caps\"\u003ESOLIDAIRES\u003C\/span\u003E \u003Cspan class=\"caps\"\u003ELORS\u003C\/span\u003E \u003Cspan class=\"caps\"\u003EDU\u003C\/span\u003E \u003Cspan class=\"caps\"\u003ERASSEMBLEMENT\u003C\/span\u003E \u003Cspan class=\"caps\"\u003EINTERSYNDICAL\u003C\/span\u003E \u003Cspan class=\"caps\"\u003EDEVANT\u003C\/span\u003E \u003Cspan class=\"caps\"\u003ELE\u003C\/span\u003E \u003Cspan class=\"caps\"\u003EMINIST\u003C\/span\u003E\u00c8\u003Cspan class=\"caps\"\u003ERE\u003C\/span\u003E \u003Cspan class=\"caps\"\u003EDU\u003C\/span\u003E \u003Cspan class=\"caps\"\u003ETRAVAIL\u003C\/span\u003E \u003Cspan class=\"caps\"\u003ELE\u003C\/span\u003E 28\u00a0\u003Cspan class=\"caps\"\u003EAVRIL\u003C\/span\u003E 2026\u003C\/a\u003E\u003C\/h4\u003E\u003Cblockquote class='spip'\u003E\n\u003Cp\u003EEn cette journ\u00e9e mondiale de la s\u00e9curit\u00e9 et de la sant\u00e9 au travail, le constat pour nous organisations syndicales est accablant. \n\nOui aujourd\u2019hui dans notre pays, le travail tue et de plus en plus. La France est aujourd\u2019hui le pays d\u2019Europe qui compte le plus d\u2019accidents du travail mortels par nombre de travailleur-euses\u00a0: Les suicides sont en recrudescence dans plusieurs grandes entreprises, nous en sommes \u00e0 des chiffres qui font froid dans le dos.. 12 suicides d\u2019agents \u003Cspan class=\"caps\"\u003ESNCF\u003C\/span\u003E depuis le 1\u003Csup class=\"typo_exposants\"\u003Eer\u003C\/sup\u003E\u00a0(\u2026)\u003C\/p\u003E\n\u003C\/blockquote\u003E\n"}

<abbr title="Syndicat Unitaire National D&#233;mocratique des personnels de l&#039;Enseignement et de la formation Priv&#233;s">Sundep</abbr>-Solidaires Paris <span class="caps">SUD</span> Enseignement privé

DÉ<span class="caps">CLARATION</span> <span class="caps">DE</span> <span class="caps">SOLIDAIRES</span> <span class="caps">LORS</span> <span class="caps">DU</span> <span class="caps">RASSEMBLEMENT</span> <span class="caps">INTERSYNDICAL</span> <span class="caps">DEVANT</span> <span class="caps">LE</span> <span class="caps">MINIST</span>È<span class="caps">RE</span> <span class="caps">DU</span> <span class="caps">TRAVAIL</span> <span class="caps">LE</span> 28 <span class="caps">AVRIL</span> 2026

<h4 class='title'><a href='https://www.sundep-paris.org/DECLARATION-DE-SOLIDAIRES-LORS-DU-RASSEMBLEMENT'>DÉ<span class="caps">CLARATION</span> <span class="caps">DE</span> <span class="caps">SOLIDAIRES</span> <span class="caps">LORS</span> <span class="caps">DU</span> <span class="caps">RASSEMBLEMENT</span> <span class="caps">INTERSYNDICAL</span> <span class="caps">DEVANT</span> <span class="caps">LE</span> <span class="caps">MINIST</span>È<span class="caps">RE</span> <span class="caps">DU</span> <span class="caps">TRAVAIL</span> <span class="caps">LE</span> 28 <span class="caps">AVRIL</span> 2026</a></h4><blockquote class='spip'>
<p>En cette journée mondiale de la sécurité et de la santé au travail, le constat pour nous organisations syndicales est accablant. 

Oui aujourd’hui dans notre pays, le travail tue et de plus en plus. La France est aujourd’hui le pays d’Europe qui compte le plus d’accidents du travail mortels par nombre de travailleur-euses : Les suicides sont en recrudescence dans plusieurs grandes entreprises, nous en sommes à des chiffres qui font froid dans le dos.. 12 suicides d’agents <span class="caps">SNCF</span> depuis le 1<sup class="typo_exposants">er</sup> (…)</p>
</blockquote>
