{"version":"1.0","type":"rich","provider_name":"\u003Cabbr title=\"Syndicat Unitaire National D&#233;mocratique des personnels de l&#039;Enseignement et de la formation Priv&#233;s\"\u003ESundep\u003C\/abbr\u003E-Solidaires Paris \u003Cspan class=\"caps\"\u003ESUD\u003C\/span\u003E Enseignement priv\u00e9","provider_url":"https:\/\/www.sundep-paris.org","title":"Samedi 14\u00a0mars 2026\u00a0: Marche des solidarit\u00e9s contre le racisme et le fascisme&hellip;","author_name":"VOGT Catherine","width":"480","height":"295","url":"http:\/\/www.sundep-paris.org\/Samedi-14-mars-2026-Marche-des-solidarites-contre-le","html":"\u003Ch4 class='title'\u003E\u003Ca href='http:\/\/www.sundep-paris.org\/Samedi-14-mars-2026-Marche-des-solidarites-contre-le'\u003ESamedi 14\u00a0mars 2026\u00a0: Marche des solidarit\u00e9s contre le racisme et le fascisme&hellip;\u003C\/a\u003E\u003C\/h4\u003E\u003Cblockquote class='spip'\u003E\n\u003Cp\u003ELa riposte c\u2019est maintenant\u003Csmall class=\"fine d-inline\"\u003E\u00a0\u003C\/small\u003E! Le Sundep-Solidaires Paris, signataire de la Marche des solidarit\u00e9s du 14\u00a0mars contre le racisme et le fascisme, appelle tous les personnels des \u00e9tablissements priv\u00e9s \u00e0 rejoindre en nombre chaque commune, chaque quartier, chaque lieu de travail et d\u2019\u00e9tude \u00e0 la veille du premier tour des \u00e9lections municipales, pour prendre la rue massivement sur tout le territoire, pour l\u2019\u00e9galit\u00e9 des droits et la solidarit\u00e9. \n\n\u003Cspan class=\"caps\"\u003ERDV\u003C\/span\u003E\u00a0: 14h - Place de la Nation \u00e0 Paris\u003C\/p\u003E\n\u003C\/blockquote\u003E\n"}

<abbr title="Syndicat Unitaire National D&#233;mocratique des personnels de l&#039;Enseignement et de la formation Priv&#233;s">Sundep</abbr>-Solidaires Paris <span class="caps">SUD</span> Enseignement privé

Samedi 14 mars 2026 : Marche des solidarités contre le racisme et le fascisme&hellip;

<h4 class='title'><a href='http://www.sundep-paris.org/Samedi-14-mars-2026-Marche-des-solidarites-contre-le'>Samedi 14 mars 2026 : Marche des solidarités contre le racisme et le fascisme&hellip;</a></h4><blockquote class='spip'>
<p>La riposte c’est maintenant<small class="fine d-inline"> </small>! Le Sundep-Solidaires Paris, signataire de la Marche des solidarités du 14 mars contre le racisme et le fascisme, appelle tous les personnels des établissements privés à rejoindre en nombre chaque commune, chaque quartier, chaque lieu de travail et d’étude à la veille du premier tour des élections municipales, pour prendre la rue massivement sur tout le territoire, pour l’égalité des droits et la solidarité. 

<span class="caps">RDV</span> : 14h - Place de la Nation à Paris</p>
</blockquote>
