{"version":"1.0","type":"rich","provider_name":"\u003Cabbr title=\"Syndicat Unitaire National D&#233;mocratique des personnels de l&#039;Enseignement et de la formation Priv&#233;s\"\u003ESundep\u003C\/abbr\u003E-Solidaires Paris \u003Cspan class=\"caps\"\u003ESUD\u003C\/span\u003E Enseignement priv\u00e9","provider_url":"https:\/\/www.sundep-paris.org","title":"L&#8217;\u003Cspan class=\"caps\"\u003E\u003Cabbr title=\"Intelligence artificielle\"\u003EIA\u003C\/abbr\u003E\u003C\/span\u003E au travail\u00a0: une question syndicale","author_name":"VOGT Catherine","width":"480","height":"295","url":"http:\/\/www.sundep-paris.org\/L-IA-au-travail-une-question-syndicale","html":"\u003Ch4 class='title'\u003E\u003Ca href='http:\/\/www.sundep-paris.org\/L-IA-au-travail-une-question-syndicale'\u003EL&#8217;\u003Cspan class=\"caps\"\u003E\u003Cabbr title=\"Intelligence artificielle\"\u003EIA\u003C\/abbr\u003E\u003C\/span\u003E au travail\u00a0: une question syndicale\u003C\/a\u003E\u003C\/h4\u003E\u003Cblockquote class='spip'\u003E\n\u003Cp\u003EL\u2019intelligence artificielle (\u003Cspan class=\"caps\"\u003EIA\u003C\/span\u003E) percute de plein fouet notre vie quotidienne, mais aussi nos m\u00e9tiers et nos conditions de travail. \u00c0 l\u2019image d\u2019une pens\u00e9e magique, les gouvernements, les entreprises et les administrations en font le rem\u00e8de \u00e0 tout et sont engag\u00e9s dans une course folle pour son d\u00e9veloppement. \n\n L\u2019\u003Cspan class=\"caps\"\u003EIA\u003C\/span\u003E est en r\u00e9alit\u00e9 surtout un objet politique. Pour mieux le comprendre, &#8220;nous devons aller au-del\u00e0 des r\u00e9seaux de neurones et de la reconnaissance statistique des formes et nous\u00a0(\u2026)\u003C\/p\u003E\n\u003C\/blockquote\u003E\n"}

<abbr title="Syndicat Unitaire National D&#233;mocratique des personnels de l&#039;Enseignement et de la formation Priv&#233;s">Sundep</abbr>-Solidaires Paris <span class="caps">SUD</span> Enseignement privé

<h4 class='title'><a href='http://www.sundep-paris.org/L-IA-au-travail-une-question-syndicale'>L&#8217;<span class="caps"><abbr title="Intelligence artificielle">IA</abbr></span> au travail : une question syndicale</a></h4><blockquote class='spip'>
<p>L’intelligence artificielle (<span class="caps">IA</span>) percute de plein fouet notre vie quotidienne, mais aussi nos métiers et nos conditions de travail. À l’image d’une pensée magique, les gouvernements, les entreprises et les administrations en font le remède à tout et sont engagés dans une course folle pour son développement. 

 L’<span class="caps">IA</span> est en réalité surtout un objet politique. Pour mieux le comprendre, &#8220;nous devons aller au-delà des réseaux de neurones et de la reconnaissance statistique des formes et nous (…)</p>
</blockquote>
